 is d(o)?
-15
Let s(c) = -2*c**2 + 50. Let m = -7203 + 7198. Calculate s(m).
0
Let x(o) be the second derivative of -1/2*o**3 + 31 + 2*o - o**2. Let h be 14/2 - 1/1. Give x(h).
-20
Let t(w) = w**3 + w**2 + 1. Let m(x) = -12*x**3 - 13*x**2 - 2*x - 12. Let p(n) = -2*m(n) - 22*t(n). Let f = 23545 - 23547. What is p(f)?
-6
Let d = -9 - -8. Let r be -2 + 6 + (-5 - (-8 - -5)). Let w(n) = 1 - 7*n**r - 6*n**2 + 3*n**2 + 4*n - 3*n. Give w(d).
-10
Let b(f) be the first derivative of -5*f**3/6 - 16*f - 40. Let t(l) be the first derivative of b(l). Calculate t(-1).
5
Let i(p) be the third derivative of p**6/120 - 13*p**5/20 + 71*p**4/24 + 41*p**3/2 + 4*p**2 - 799. Determine i(37).
12
Let m = -517 + 519. Let f(q) = -4*q**m - 8*q + 2*q - 4*q**2 + 9 + 7*q**2. Suppose 3*z - 35 = 8*z. Calculate f(z).
2
Let n(o) = -o**3 + 11*o**2 + 4*o - 48. Let z(w) = -w**3 + 30*w**2 + 38*w - 206. Let p be z(31). Give n(p).
-4
Let w(v) be the second derivative of -29*v**3/6 - 712*v**2 - 3*v + 807. Calculate w(-49).
-3
Let i(c) be the first derivative of c**4/4 + 7*c**3/3 + c**2/2 - 6*c + 1. Suppose 1156 = -15*b + 5581. Let s = 288 - b. Calculate i(s).
-13
Let a(r) = r**2 + 25*r - 56. Let d = 21709 - 21733. Give a(d).
-80
Let i = 221 - 222. Let s be (70/(-40))/((-10)/8 - i). Let h(r) be the first derivative of -r**4/4 + 2*r**3 + 7*r**2/2 - 5*r - 6. Calculate h(s).
-5
Suppose 131*o + 79 = 133*o - 23*q, -2*q - 21 = -3*o. Let k(w) = -6 - 3*w**2 - 2 + 7*w + 2*w**2 + 0*w**2. Determine k(o).
2
Let q = 131 - 131. Let z(w) = 1 - w**2 + q*w**2 + 36563*w - 36566*w. Give z(-6).
-17
Let h(l) = l - 1. Let y(w) = 2*w - 7. Let v = -30 + 58. Suppose -23*r + 5 = -v*r. Let n(k) = r*y(k) + 6*h(k). Give n(2).
9
Let r(y) = -26*y + 110. Let p(w) = w - 20. Let f(z) = -10*p(z) - r(z). Calculate f(-6).
-6
Let v = -93 - -95. Let j(t) = t. Determine j(v).
2
Let l be 26/182*(-567)/(-9). Let f(s) = s**2 - 3*s + 4*s - 5*s - 13 - 3*s. Determine f(l).
5
Let l(q) = 9*q - 26. Let j be l(5). Let b(o) = 2*o - 38. Let x be b(j). Let m(t) = t**2 - t + 7. Calculate m(x).
7
Suppose -3*u + l = -428, 3*u - 5*u + 282 = -4*l. Let n = -144 + u. Let q(j) = 21*j**3 - 2*j**2 + 1. Determine q(n).
-22
Let z(q) = -7*q**2 + 5*q + 5. Suppose 10*k - 5*k + 2 = -2*p, -19 = 19*p - 3*k. Give z(p).
-7
Let x(w) = -7*w - 1. Suppose 4*a + 0*a + 4*z = 92, -97 = -3*a + 4*z. Let p = a + -25. Suppose -3*f = 3*b + 21, -p*f - 3*b - 23 = 2*f. Calculate x(f).
13
Suppose -35*o - 275 = 121 + 374. Let u(f) = -f**3 - 21*f**2 + 19*f - 15. What is u(o)?
51
Suppose -3*i + 17 - 8 = 5*u, 2*i + 20 = u. Let f(t) be the third derivative of t**5/60 + 7*t**4/24 - t**3/6 + t**2. Calculate f(i).
-1
Suppose 3*b - 5*k - 7 = 0, 9 = -2*b - 5*k - 3. Let x(p) = 7*p**2 + 6. Let s(v) = 9*v**2 + 7. Let a(o) = -5*s(o) + 6*x(o). Calculate a(b).
-2
Let x(d) = -7*d - 8 + d**3 - d**2 + 2*d**2 + 4*d**2. Let o be x(-6). Let l(h) be the first derivative of 5*h**3/3 + h**2 + 2*h + 1. What is l(o)?
18
Let n(t) be the third derivative of -t**6/180 - t**5/20 - t**4/24 - 25*t**3/2 + 152*t**2. Let q(p) be the first derivative of n(p). What is q(-4)?
-9
Let r(d) = -d + 7. Let y be r(5). Suppose 5 = 5*m, 11*m = -u + 16*m + 11. Suppose 3*q + u = -c, -y*c = 5*q + 3*c + 20. Let g(j) = j**2 + j - 7. Calculate g(q).
23
Let y(o) = 270*o - 39 - 36 - 35 + 217*o - 496*o. Determine y(-12).
-2
Suppose 0 = -f + 2*k - 1 + 6, 3*f - 9 = 3*k. Suppose -4*o = -r - 0*r - f, -3*r = -5*o + 3. Let z(v) be the third derivative of -v**4/6 + 31*v**2 + v. Give z(r).
4
Let v(n) be the third derivative of 17*n**4/24 + 61*n**3/3 - 64*n**2 - 12*n. Give v(-7).
3
Let l(y) = y**3 + 4*y**2 - 6*y - 7. Suppose 0 = -10*j + 11*j + 5*d + 25, 2*j + d + 14 = 0. Give l(j).
-2
Let y(g) = -g**2 - 2*g + 5. Let l(s) = s**2 + 3*s - 5. Let p(h) = -3*l(h) - 2*y(h). Let w be 1/(-16) - 6/((-1152)/(-1140)). Determine p(w).
-1
Let f(z) = z - 4. Let i(s) = 2*s - 5. Let a(u) = -4*f(u) + 3*i(u). Let m be (-30)/4*8/3. Let y = m - -15. Calculate a(y).
-9
Suppose 2*z + 2 + 6 = 2*w, 0 = -3*z - 2*w - 32. Let i(x) = -x**2 + 3*x. Let o(q) = -2*q**2 + 17*q - 5. Let d(m) = -3*i(m) + o(m). Determine d(z).
-5
Let a(t) = -t + 2 + 5*t - 4 - 2*t. Let r be a(1). Let y(h) = r*h + 18*h - 8*h + h**2 - 1 - 3*h. Determine y(-8).
7
Let p(r) be the second derivative of -3*r**3 - 82*r**2 + 4141*r. Calculate p(-8).
-20
Let b(s) = 1370 + 88*s - 2339 + 1412. Determine b(-5).
3
Let j(u) = -u**3 + 7*u**2 - 5*u - 1. Suppose 17*t - 64 = -64. Suppose -3*s + 4*i + 6 = t, -18 = -3*i - 9. Calculate j(s).
5
Suppose 0 = 9*i - 20*i + 33. Let t(c) = -c**3 - 5*c**2 - 28841*c + i - 1 + 28836*c. Determine t(-4).
6
Suppose 5*w - 10 = 0, 2*g - 1 = -4*w + 9. Suppose v + 2*o = g, 8 = 4*v + o + 3*o. Let u(s) = -10 - 1 + 7 - s**v - 9*s**2. Calculate u(-9).
-4
Let b(n) be the second derivative of -n**5/10 - 5*n**4/12 - 2*n**3/3 - n**2/2 - 2*n. Let w be ((-65)/(-26)*2)/((-10)/6). Give b(w).
20
Let s(o) = 9*o**3 - 17*o**2 + 41*o - 21. Let b(t) = -25*t**3 + 51*t**2 - 124*t + 68. Let l(c) = -4*b(c) - 11*s(c). Determine l(14).
1
Suppose 3*s = -2*y - 31, -71 + 62 = s + y. Let u(d) = d**3 + 15*d**2 + 25*d - 24. What is u(s)?
-11
Let w(v) = 103*v + 7. Let s(n) = -44*n - 3. Let z(c) = 7*s(c) + 3*w(c). Let j = -4 - -4. Calculate z(j).
0
Let l(x) = x**3 - 16*x**2 - 2*x + 18. Let s(c) = c**2 - 162*c - 1704. Let m be s(-10). What is l(m)?
-14
Let y = 10713 - 10641. Let o be 132/(-2)*(3 + -2). Let s = y + o. Let b(d) = d**2 - 8*d + 6. Give b(s).
-6
Let d = -7 - -10. Let k(z) be the third derivative of 0*z**3 - 1/60*z**5 + 0 + 5/24*z**4 + 0*z - 16*z**2. Determine k(d).
6
Let u(d) = 258*d - 535*d + 280*d - 4. Calculate u(6).
14
Let j(c) = 7*c + 9. Suppose -h + 8*h = -2*h + 9. Determine j(h).
16
Let z(w) be the second derivative of -w**3 - 31*w**2/2 - 5241*w. Determine z(-7).
11
Let x(u) = -9*u**2 + 10*u - 15. Let i = 50 - 45. Let a(h) = 13*h**2 - 15*h + 22. Let r(m) = i*a(m) + 7*x(m). Let j be r(2). Let p(g) = 3*g - 1. What is p(j)?
8
Let m(n) be the first derivative of 6*n**2 - 55*n - 457. Calculate m(5).
5
Let p(h) be the first derivative of -h**4/4 + 4*h**3/3 + h**2 + 2*h + 2. Suppose 316*q - 1395 - 257 = -388. Determine p(q).
10
Let q be 1 - (-24)/10*(-165)/(-66). Let v(w) = w**2 + w. Let x(p) = -p**2 - 7*p - 2. Let a(o) = 2*v(o) + x(o). Calculate a(q).
12
Let f(q) = 2*q**2 - 25*q + 29. Let o(t) = t**2 - 11*t + 13. Let s(b) = 5*f(b) - 11*o(b). Determine s(-7).
-19
Let d(z) = z**2 + 17*z - 8*z + 0 + 1. Let a = 44 + -169. Let i be 100/a + 36/(-5). Calculate d(i).
-7
Let m = -245 + 248. Let u(q) = -q + 52. Let a(o) = -23. Let f(k) = -9*a(k) - 4*u(k). Give f(m).
11
Let i(h) = h**2 + 3. Let c be i(0). Let l(a) = -a + 1 + 2*a + 6*a**c - 2. Let g(v) = 2*v**2 - 65*v + 64. Let d be g(1). Give l(d).
6
Let q be 5 + -11 + -6 + 12. Suppose -u + 7 = -q*u - 3*j, 5*u = -3*j - 1. Let c(m) = -32*m**2 + 1. Calculate c(u).
-31
Let k(m) = -111*m + 231*m - 125*m + 49 - 10 + 33. What is k(17)?
-13
Suppose -6 - 2 = -4*u. Let j be (u - 0)/1 - -47. Let v(g) = -92*g**2 + 45*g**2 - g - 4*g + j*g**2. What is v(4)?
12
Let q(r) = 3*r**2 - 59*r + 263. Let c(y) = -2*y**2 + 39*y - 176. Let a(o) = 7*c(o) + 5*q(o). What is a(17)?
-2
Let u(h) = 2*h**2 + 48*h + 33. Let a = -9262 - -9239. Calculate u(a).
-13
Let p(c) = -c - 3. Let f be 141/3 + (-2 - 0 - 0). Let o = f + -42. Suppose -3*y + o*g = -0*y, -y = 4*g - 25. Give p(y).
-8
Let j(z) be the first derivative of -z**3/3 - 3*z**2/2 + 3. Suppose -15*b = -5*t - 20*b - 30, 5*t = -3*b - 26. Give j(t).
-4
Let l be ((-7)/(-3))/(25/(-75)). Let u = 42 + l. Suppose 2*q + 7 = x - q, 0 = 5*x + 5*q - u. Let z(p) = -p**2 + 6*p + 8. Give z(x).
1
Let t be (-9)/6*64/(-12). Let p be 3/((12/16)/(12/16)). Let c(d) = -5*d - 21 + p*d + 31. What is c(t)?
-6
Let a(d) = d - 4. Let f = -141 - -153. Suppose 7*h - 16 - f = 0. Calculate a(h).
0
Suppose -154*y - 47 = -185*y + 15. Let z(v) = -2*v**3 - 3*v**2 - v + 4. Give z(y).
-26
Suppose 4*h = -5*b + 23, 0 = 3*b - 2*b - 4*h - 19. Let o(x) = -2*x**2 + 17. Determine o(b).
-81
Let k(z) be the second derivative of 5*z**3/6 + 131*z**2/2 - 26*z + 19. Give k(-25).
6
Let p(h) be the first derivative of -5*h**4/2 + h**3 - h**2/2 - 2*h + 582. Calculate p(2).
-72
Let x be (12 - (-630)/(-42))*(0 + (-1)/(-1)). Let s(t) = -1 + 4*t**3 + 2*t - 2*t**3 + 2*t + 5*t**2. Calculate